{"id":10683,"date":"2020-04-16T18:21:12","date_gmt":"2020-04-16T16:21:12","guid":{"rendered":"http:\/\/champsgalottes.fr\/?post_type=product&#038;p=10683"},"modified":"2021-03-22T10:33:10","modified_gmt":"2021-03-22T09:33:10","slug":"tomate-maestria","status":"publish","type":"product","link":"https:\/\/champsgalottes.fr\/index.php\/product\/tomate-maestria\/","title":{"rendered":"Tomate Maestria"},"content":{"rendered":"<p><strong>Distance de plantation:<\/strong>\u00a0Environ 50 cm sur le rang. Environ 60 cm entre les rangs.<\/p>\n<p>Besoin d\u2019un conseil? Appelez-nous au\u00a006 71 93 81 60<\/p>\n","protected":false},"excerpt":{"rendered":"<p>Gros fruit id\u00e9al pour les tomates farcies, excellente qualit\u00e9 gustative, r\u00e9sistante au mildiou.<\/p>\n","protected":false},"featured_media":9380,"template":"","meta":[],"_links":{"self":[{"href":"https:\/\/champsgalottes.fr\/index.php\/wp-json\/wp\/v2\/product\/10683"}],"collection":[{"href":"https:\/\/champsgalottes.fr\/index.php\/wp-json\/wp\/v2\/product"}],"about":[{"href":"https:\/\/champsgalottes.fr\/index.php\/wp-json\/wp\/v2\/types\/product"}],"wp:featuredmedia":[{"embeddable":true,"href":"https:\/\/champsgalottes.fr\/index.php\/wp-json\/wp\/v2\/media\/9380"}],"wp:attachment":[{"href":"https:\/\/champsgalottes.fr\/index.php\/wp-json\/wp\/v2\/media?parent=10683"}],"curies":[{"name":"wp","href":"https:\/\/api.w.org\/{rel}","templated":true}]}}