{"id":11051,"date":"2020-04-18T10:13:48","date_gmt":"2020-04-18T08:13:48","guid":{"rendered":"http:\/\/champsgalottes.fr\/?post_type=product&#038;p=11051"},"modified":"2021-04-08T17:19:07","modified_gmt":"2021-04-08T15:19:07","slug":"corne-torrefiee-sang-seche-pour-arbuste-fruits-et-legumes","status":"publish","type":"product","link":"https:\/\/champsgalottes.fr\/index.php\/product\/corne-torrefiee-sang-seche-pour-arbuste-fruits-et-legumes\/","title":{"rendered":"Corne torr\u00e9fi\u00e9e &#038; sang s\u00e9ch\u00e9 (pour arbuste, fruits et l\u00e9gumes)"},"content":{"rendered":"<p>Besoin d\u2019un conseil? Appelez-nous au\u00a006 71 93 81 60<\/p>\n","protected":false},"excerpt":{"rendered":"<p>Besoin d\u2019un conseil? Appelez-nous au\u00a006 71 93 81 60<\/p>\n","protected":false},"featured_media":11052,"template":"","meta":[],"_links":{"self":[{"href":"https:\/\/champsgalottes.fr\/index.php\/wp-json\/wp\/v2\/product\/11051"}],"collection":[{"href":"https:\/\/champsgalottes.fr\/index.php\/wp-json\/wp\/v2\/product"}],"about":[{"href":"https:\/\/champsgalottes.fr\/index.php\/wp-json\/wp\/v2\/types\/product"}],"wp:featuredmedia":[{"embeddable":true,"href":"https:\/\/champsgalottes.fr\/index.php\/wp-json\/wp\/v2\/media\/11052"}],"wp:attachment":[{"href":"https:\/\/champsgalottes.fr\/index.php\/wp-json\/wp\/v2\/media?parent=11051"}],"curies":[{"name":"wp","href":"https:\/\/api.w.org\/{rel}","templated":true}]}}