{"id":12134,"date":"2020-04-29T20:27:58","date_gmt":"2020-04-29T18:27:58","guid":{"rendered":"http:\/\/champsgalottes.fr\/?post_type=product&#038;p=12134"},"modified":"2021-03-21T19:12:02","modified_gmt":"2021-03-21T18:12:02","slug":"rosier-gamme-verdias","status":"publish","type":"product","link":"https:\/\/champsgalottes.fr\/index.php\/product\/rosier-gamme-verdias\/","title":{"rendered":"Rosier gamme Verdias"},"content":{"rendered":"","protected":false},"excerpt":{"rendered":"<p>Vari\u00e9t\u00e9s:<\/p>\n<ul>\n<li><strong>Emera<\/strong> (rose fuchsia p\u00e9tant)<\/li>\n<li><strong>Calizia<\/strong> (photo principal | magnifique couleur p\u00eache)<\/li>\n<li><strong>Opalia<\/strong> (fleurs blanches)<\/li>\n<li><strong>Kadora<\/strong> (fleurs rouge vif)<\/li>\n<li><strong>Mareva<\/strong> (petites fleurs rose claire)<\/li>\n<li><strong>Isalia<\/strong> (fleurs rouge coquelicot)<\/li>\n<li><strong>Suneva<\/strong>\u00a0(fleurs jaunes)<\/li>\n<\/ul>\n<p>&nbsp;<\/p>\n<p><em>S\u00e9lectionnez la vari\u00e9t\u00e9 pour afficher l\u2019image correspondante (au dessus du bouton \u201cAjouter au panier\u201d)<\/em><\/p>\n","protected":false},"featured_media":12156,"template":"","meta":[],"_links":{"self":[{"href":"https:\/\/champsgalottes.fr\/index.php\/wp-json\/wp\/v2\/product\/12134"}],"collection":[{"href":"https:\/\/champsgalottes.fr\/index.php\/wp-json\/wp\/v2\/product"}],"about":[{"href":"https:\/\/champsgalottes.fr\/index.php\/wp-json\/wp\/v2\/types\/product"}],"wp:featuredmedia":[{"embeddable":true,"href":"https:\/\/champsgalottes.fr\/index.php\/wp-json\/wp\/v2\/media\/12156"}],"wp:attachment":[{"href":"https:\/\/champsgalottes.fr\/index.php\/wp-json\/wp\/v2\/media?parent=12134"}],"curies":[{"name":"wp","href":"https:\/\/api.w.org\/{rel}","templated":true}]}}