{"id":9243,"date":"2020-04-01T11:57:53","date_gmt":"2020-04-01T09:57:53","guid":{"rendered":"http:\/\/champsgalottes.fr\/?post_type=product&#038;p=9243"},"modified":"2021-03-21T20:49:15","modified_gmt":"2021-03-21T19:49:15","slug":"pennisetum-rubrum","status":"publish","type":"product","link":"https:\/\/champsgalottes.fr\/index.php\/product\/pennisetum-rubrum\/","title":{"rendered":"Pennisetum Rubrum"},"content":{"rendered":"<p>Besoin d\u2019un conseil? Appelez-nous au\u00a006 71 93 81 60<\/p>\n","protected":false},"excerpt":{"rendered":"<p>Superbe vari\u00e9t\u00e9 aux larges feuilles brunes \u00e0 pourpres et aux longs \u00e9pis plumeux ros\u00e2tres.<\/p>\n","protected":false},"featured_media":9244,"template":"","meta":[],"_links":{"self":[{"href":"https:\/\/champsgalottes.fr\/index.php\/wp-json\/wp\/v2\/product\/9243"}],"collection":[{"href":"https:\/\/champsgalottes.fr\/index.php\/wp-json\/wp\/v2\/product"}],"about":[{"href":"https:\/\/champsgalottes.fr\/index.php\/wp-json\/wp\/v2\/types\/product"}],"wp:featuredmedia":[{"embeddable":true,"href":"https:\/\/champsgalottes.fr\/index.php\/wp-json\/wp\/v2\/media\/9244"}],"wp:attachment":[{"href":"https:\/\/champsgalottes.fr\/index.php\/wp-json\/wp\/v2\/media?parent=9243"}],"curies":[{"name":"wp","href":"https:\/\/api.w.org\/{rel}","templated":true}]}}