{"id":9499,"date":"2020-01-26T19:24:59","date_gmt":"2020-01-26T18:24:59","guid":{"rendered":"http:\/\/champsgalottes.fr\/?post_type=product&#038;p=9499"},"modified":"2021-10-26T11:43:56","modified_gmt":"2021-10-26T09:43:56","slug":"courge","status":"publish","type":"product","link":"https:\/\/champsgalottes.fr\/index.php\/product\/courge\/","title":{"rendered":"Courge"},"content":{"rendered":"<p>Besoin d\u2019un conseil? Appelez-nous au\u00a006 71 93 81 60<\/p>\n","protected":false},"excerpt":{"rendered":"<ul>\n<li>Courge Spaghetti<\/li>\n<li>Courge Butternut<\/li>\n<li>Courge Futsu Black<\/li>\n<li>Courge Carat<\/li>\n<li>Courge Melonnette Jasp\u00e9e de Vend\u00e9e<\/li>\n<li>Musqu\u00e9e de Provence<\/li>\n<li>Bleu de Hongrie<\/li>\n<li>Sucrine du Berry<\/li>\n<\/ul>\n<p>&nbsp;<\/p>\n<p class=\"p1\"><em>S\u00e9lectionnez la vari\u00e9t\u00e9 pour afficher l\u2019image correspondante (au dessus du bouton \u201cAjouter au panier\u201d)<\/em><\/p>\n","protected":false},"featured_media":9513,"template":"","meta":[],"_links":{"self":[{"href":"https:\/\/champsgalottes.fr\/index.php\/wp-json\/wp\/v2\/product\/9499"}],"collection":[{"href":"https:\/\/champsgalottes.fr\/index.php\/wp-json\/wp\/v2\/product"}],"about":[{"href":"https:\/\/champsgalottes.fr\/index.php\/wp-json\/wp\/v2\/types\/product"}],"wp:featuredmedia":[{"embeddable":true,"href":"https:\/\/champsgalottes.fr\/index.php\/wp-json\/wp\/v2\/media\/9513"}],"wp:attachment":[{"href":"https:\/\/champsgalottes.fr\/index.php\/wp-json\/wp\/v2\/media?parent=9499"}],"curies":[{"name":"wp","href":"https:\/\/api.w.org\/{rel}","templated":true}]}}