{"id":9574,"date":"2020-03-27T16:49:15","date_gmt":"2020-03-27T15:49:15","guid":{"rendered":"http:\/\/champsgalottes.fr\/?post_type=product&#038;p=9574"},"modified":"2021-03-22T11:54:01","modified_gmt":"2021-03-22T10:54:01","slug":"carotte","status":"publish","type":"product","link":"https:\/\/champsgalottes.fr\/index.php\/product\/carotte\/","title":{"rendered":"Carotte"},"content":{"rendered":"<p>Besoin d\u2019un conseil? Appelez-nous au\u00a006 71 93 81 60<\/p>\n","protected":false},"excerpt":{"rendered":"<p>2 vari\u00e9t\u00e9s:<\/p>\n<ul>\n<li>Carotte Touchon<\/li>\n<li>Carotte Nantaise am\u00e9lior\u00e9e 3<\/li>\n<\/ul>\n<p>&nbsp;<\/p>\n<p class=\"p1\">S\u00e9lectionnez la vari\u00e9t\u00e9 pour afficher l\u2019image correspondante (au dessus du bouton \u201cAjouter au panier\u201d)<\/p>\n","protected":false},"featured_media":9595,"template":"","meta":[],"_links":{"self":[{"href":"https:\/\/champsgalottes.fr\/index.php\/wp-json\/wp\/v2\/product\/9574"}],"collection":[{"href":"https:\/\/champsgalottes.fr\/index.php\/wp-json\/wp\/v2\/product"}],"about":[{"href":"https:\/\/champsgalottes.fr\/index.php\/wp-json\/wp\/v2\/types\/product"}],"wp:featuredmedia":[{"embeddable":true,"href":"https:\/\/champsgalottes.fr\/index.php\/wp-json\/wp\/v2\/media\/9595"}],"wp:attachment":[{"href":"https:\/\/champsgalottes.fr\/index.php\/wp-json\/wp\/v2\/media?parent=9574"}],"curies":[{"name":"wp","href":"https:\/\/api.w.org\/{rel}","templated":true}]}}